f 10?
True
Is 1822 a multiple of 51?
False
Is 30683 a multiple of 61?
True
Is 2319 a multiple of 46?
False
Does 11 divide 5431?
False
Is 3702 a multiple of 52?
False
Is 11 a factor of 708?
False
Is 119 a factor of 5950?
True
Does 5 divide 80?
True
Does 8 divide 62896?
True
Is 9781 a multiple of 9?
False
Is 135455 a multiple of 11?
False
Is 43 a factor of 387?
True
Is 3 a factor of 179?
False
Does 81 divide 5103?
True
Does 9 divide 448?
False
Does 34 divide 248?
False
Is 6176 a multiple of 67?
False
Is 112 a factor of 1104?
False
Is 30874 a multiple of 140?
False
Is 70 a factor of 5320?
True
Is 40 a factor of 969?
False
Is 168 a multiple of 12?
True
Is 122850 a multiple of 21?
True
Is 3531 a multiple of 110?
False
Is 678 a multiple of 6?
True
Is 276 a multiple of 46?
True
Is 864 a multiple of 24?
True
Is 25555 a multiple of 26?
False
Is 481 a multiple of 3?
False
Is 118 a multiple of 6?
False
Is 12169 a multiple of 47?
False
Is 36 a factor of 30456?
True
Is 36 a factor of 12532?
False
Is 2880 a multiple of 12?
True
Does 60 divide 360?
True
Does 35 divide 3640?
True
Is 2 a factor of 4700?
True
Is 3294 a multiple of 27?
True
Does 30 divide 640?
False
Is 3604 a multiple of 53?
True
Does 84 divide 1008?
True
Does 22 divide 836?
True
Is 126 a factor of 40362?
False
Is 1619 a multiple of 21?
False
Is 21289 a multiple of 28?
False
Does 12 divide 773?
False
Is 7 a factor of 35406?
True
Is 26 a factor of 376?
False
Does 16 divide 6688?
True
Does 24 divide 576?
True
Is 35 a factor of 17430?
True
Is 68 a factor of 2151?
False
Does 41 divide 1944?
False
Is 163 a multiple of 5?
False
Is 2474 a multiple of 49?
False
Does 85 divide 45490?
False
Is 19105 a multiple of 3?
False
Does 106 divide 742?
True
Does 15 divide 105834?
False
Is 2321 a multiple of 8?
False
Does 3 divide 5071?
False
Does 99 divide 4653?
True
Is 1604 a multiple of 59?
False
Does 33 divide 407?
False
Is 2 a factor of 337?
False
Is 18 a factor of 108?
True
Is 122 a multiple of 14?
False
Does 9 divide 1908?
True
Does 4 divide 720?
True
Is 4136 a multiple of 94?
True
Is 32 a factor of 5720?
False
Does 38 divide 988?
True
Does 37 divide 777?
True
Does 20 divide 1300?
True
Is 189 a factor of 16632?
True
Is 675 a multiple of 27?
True
Is 14 a factor of 1573?
False
Is 4 a factor of 35388?
True
Is 69 a factor of 8142?
True
Does 9 divide 4167?
True
Does 310 divide 54333?
False
Does 170 divide 3682?
False
Is 58 a factor of 174?
True
Is 39 a factor of 273?
True
Is 33 a factor of 528?
True
Does 26 divide 2445?
False
Is 11 a factor of 114603?
False
Is 5205 a multiple of 16?
False
Is 938 a multiple of 67?
True
Is 107 a factor of 1177?
True
Is 576 a multiple of 16?
True
Does 68 divide 40595?
False
Is 4360 a multiple of 21?
False
Does 36 divide 1165?
False
Is 25 a factor of 775?
True
Is 182 a multiple of 14?
True
Is 465 a multiple of 24?
False
Is 75 a factor of 987?
False
Is 32 a factor of 591?
False
Is 3034 a multiple of 112?
False
Is 6859 a multiple of 23?
False
Is 18 a factor of 4356?
True
Is 105 a multiple of 31?
False
Is 37 a factor of 333?
True
Is 1392 a multiple of 58?
True
Is 8 a factor of 416?
True
Does 31 divide 1674?
True
Is 1559 a multiple of 7?
False
Is 7 a factor of 70?
True
Is 3371 a multiple of 61?
False
Does 2 divide 3576?
True
Does 6 divide 8169?
False
Is 14 a factor of 3710?
True
Does 16 divide 376?
False
Is 195 a multiple of 13?
True
Is 6 a factor of 9630?
True
Is 60 a factor of 29700?
True
Does 168 divide 16051?
False
Is 41 a multiple of 2?
False
Is 29 a factor of 6264?
True
Is 17 a factor of 6613?
True
Does 21 divide 2852?
False
Does 10 divide 1571?
False
Does 8 divide 1869?
False
Does 10 divide 3350?
True
Does 34 divide 3434?
True
Is 672 a multiple of 21?
True
Is 95972 a multiple of 45?
False
Is 38395 a multiple of 20?
False
Does 61 divide 732?
True
Is 21 a factor of 8715?
True
Is 82888 a multiple of 104?
True
Is 2159 a multiple of 127?
True
Is 166 a factor of 14608?
True
Does 24 divide 3040?
False
Is 540 a multiple of 20?
True
Is 6835 a multiple of 8?
False
Is 13 a factor of 975?
True
Is 20995 a multiple of 19?
True
Is 1857 a multiple of 4?
False
Is 23 a factor of 49451?
False
Is 20119 a multiple of 11?
True
Is 49 a factor of 19894?
True
Is 5741 a multiple of 40?
False
Does 16 divide 772?
False
Is 7668 a multiple of 27?
True
Does 7 divide 231?
True
Is 72 a factor of 5812?
False
Does 137 divide 9590?
True
Does 37 divide 835?
False
Is 12 a factor of 55056?
True
Is 37 a factor of 23162?
True
Is 2376 a multiple of 54?
True
Is 1844 a multiple of 4?
True
Does 4 divide 3048?
True
Is 67 a factor of 16549?
True
Is 87 a factor of 19164?
False
Does 35 divide 781?
False
Does 10 divide 14380?
True
Does 19 divide 8992?
False
Is 500 a multiple of 50?
True
Does 40 divide 128?
False
Is 11112 a multiple of 28?
False
Is 72 a factor of 8352?
True
Is 25 a factor of 1000?
True
Is 15930 a multiple of 133?
False
Is 150 a multiple of 25?
True
Is 23 a factor of 8501?
False
Is 3 a factor of 4355?
False
Is 14682 a multiple of 72?
False
Does 116 divide 1698?
False
Is 60 a factor of 1740?
True
Is 226 a factor of 69558?
False
Does 16 divide 3382?
False
Is 59 a factor of 2773?
True
Is 20952 a multiple of 108?
True
Does 19 divide 3955?
False
Is 13776 a multiple of 21?
True
Is 53 a factor of 5800?
False
Is 72060 a multiple of 7?
False
Does 29 divide 46063?
False
Is 65 a factor of 4875?
True
Does 42 divide 2352?
True
Is 29 a factor of 81751?
True
Is 237 a multiple of 79?
True
Is 891 a multiple of 40?
False
Is 25752 a multiple of 29?
True
Does 27 divide 2308?
False
Does 24 divide 144?
True
Is 48 a factor of 39504?
True
Is 24461 a multiple of 209?
False
Does 57 divide 6555?
True
Is 645 a multiple of 82?
False
Does 56 divide 6151?
False
Is 14109 a multiple of 13?
False
Does 12 divide 49716?
True
Is 63 a factor of 1071?
True
Is 17400 a multiple of 12?
True
Is 27 a factor of 692?
False
Is 8890 a multiple of 35?
True
Is 918 a multiple of 114?
False
Does 18 divide 1060?
False
Is 29 a factor of 248?
False
Is 1350 a multiple of 25?
True
Is 1250 a multiple of 40?
False
Is 21 a factor of 378?
True
Is 1275 a multiple of 9?
False
Is 200 a multiple of 98?
False
Does 18 divide 2178?
True
Does 12 divide 225?
False
Is 8 a factor of 9848?
True
Is 95 a factor of 8930?
True
Is 7 a factor of 30?
False
Is 462 a multiple of 7?
True
Is 588 a multiple of 49?
True
Is 63 a factor of 4977?
True
Is 147 a factor of 1470?
True
Is 1241 a multiple of 17?
True
Does 151 divide 27784?
True
Is 47 a factor of 3039?
False
Is 2506 a multiple of 50?
False
Is 35 a factor of 630?
True
Does 21 divide 11052?
False
Is 16 a factor of 10256?
True
Does 8 divide 39611?
False
Does 16 divide 2112?
True
Does 31 divide 279?
True
Is 23838 a multiple of 29?
True
Is 12 a factor of 5580?
True
Does 39 divide 18569?
False
Does 4 divide 492?
True
Is 10800 a multiple of 15?
True
Is 19 a factor of 95?
True
Is 988 a multiple of 8?
False
Is 132 a factor of 73699?
False
Does 38 divide 14403?
False
Does 85 divide 5100?
True
Is 54 a factor of 1080?
True
Does 4 divide 2031?
False
Is 13 a factor of 31974?
False
Is 29 a factor of 580?
True
Is 528 a multiple of 6?
True
Is 1660 a multiple of 3?
False
Does 139 divide 1112?
True
Is 1020 a multiple of 17?
True
Does 106 divide 10600?
True
Does 9 divide 594?
True
Does 21 divide 447?
False
Is 20 a factor of 6980?
True
Is 15851 a multiple of 131?
True
Does 53 divide 9768?
False
Is 27 a factor of 1633?
False
Is 2515 a multiple of 7?
False
Is 3093 a multiple of 108?
False
Is 8 a factor of 257?
False
Does 16 divide 7868?
False
Is 3 a factor of 3603?
True
Is 30 a multiple of 10?
True
Does 5 divide 4753?
False
Is 6903 a multiple of 55?
False
Does 7 divide 21476?
True
Is 29 a factor of 2030?
True
Does 4 divide 1058?
False
Is 2160 a multiple of 72?
True
Is 168 a multiple of 7?
True
Is 7569 a multiple of 9?
True
Is 367 a multiple of 23?
False
Is 5 a factor of 180?
True
Does 9 divide 3223?
False
Does 24 divide 744?
True
Does 18 divide 17623?
False
Does 4 divide 26591?
False
Does 36 divide 648?
True
Is 2077 a multiple of 31?
True
Is 12075 a multiple of 25?
True
Is 825 a multiple of 25?
True
Is 213 a factor of 60296?
False
Is 118 a factor of 343?
False
Is 7 a factor of 231?
True
Is 491 a multiple of 7?
False
Does 17 divide 184?
False
Is 14 a factor of 2